{"id":175,"date":"2019-02-12T04:09:36","date_gmt":"2019-02-12T04:09:36","guid":{"rendered":"https:\/\/utahportuguesedli.org\/?page_id=175"},"modified":"2019-02-12T04:25:38","modified_gmt":"2019-02-12T04:25:38","slug":"resources-videos","status":"publish","type":"page","link":"https:\/\/www.utahportuguesedli.org\/?page_id=175","title":{"rendered":"RESOURCES &#8211; VIDEOS"},"content":{"rendered":"<h2>VIDEOS<\/h2>\n<p>Gugudada<\/p>\n<p>A m\u00fasica dos N\u00fameros<br \/>\n<iframe loading=\"lazy\" width=\"640\" height=\"360\" src=\"https:\/\/www.youtube.com\/embed\/Zi-cEMm3m9g?feature=oembed\" frameborder=\"0\" allow=\"accelerometer; autoplay; encrypted-media; gyroscope; picture-in-picture\" allowfullscreen><\/iframe><br \/>\nAs partes do corpo<br \/>\n<iframe loading=\"lazy\" width=\"640\" height=\"360\" src=\"https:\/\/www.youtube.com\/embed\/_NSkoWouWME?feature=oembed\" frameborder=\"0\" allow=\"accelerometer; autoplay; encrypted-media; gyroscope; picture-in-picture\" allowfullscreen><\/iframe><br \/>\nO trem dos animais<br \/>\n<iframe loading=\"lazy\" width=\"640\" height=\"360\" src=\"https:\/\/www.youtube.com\/embed\/V3PBSOu9j44?feature=oembed\" frameborder=\"0\" allow=\"accelerometer; autoplay; encrypted-media; gyroscope; picture-in-picture\" allowfullscreen><\/iframe><br \/>\nA m\u00fasica das cores<br \/>\n<iframe loading=\"lazy\" width=\"640\" height=\"360\" src=\"https:\/\/www.youtube.com\/embed\/_RG-XDQg64U?feature=oembed\" frameborder=\"0\" allow=\"accelerometer; autoplay; encrypted-media; gyroscope; picture-in-picture\" allowfullscreen><\/iframe><br \/>\nOs cinco patinhos<br \/>\n<iframe loading=\"lazy\" width=\"640\" height=\"360\" src=\"https:\/\/www.youtube.com\/embed\/1rk1iOZ8wtM?feature=oembed\" frameborder=\"0\" allow=\"accelerometer; autoplay; encrypted-media; gyroscope; picture-in-picture\" allowfullscreen><\/iframe><br \/>\nA m\u00fasica do alfabeto<br \/>\n<iframe loading=\"lazy\" width=\"640\" height=\"360\" src=\"https:\/\/www.youtube.com\/embed\/4p32dIO_wCE?feature=oembed\" frameborder=\"0\" allow=\"accelerometer; autoplay; encrypted-media; gyroscope; picture-in-picture\" allowfullscreen><\/iframe><br \/>\nA m\u00fasica do alfabeto II<br \/>\n<iframe loading=\"lazy\" width=\"640\" height=\"360\" src=\"https:\/\/www.youtube.com\/embed\/6A5Aiu5fd-E?feature=oembed\" frameborder=\"0\" allow=\"accelerometer; autoplay; encrypted-media; gyroscope; picture-in-picture\" allowfullscreen><\/iframe><br \/>\nGrande e pequeno<br \/>\n<iframe loading=\"lazy\" width=\"640\" height=\"360\" src=\"https:\/\/www.youtube.com\/embed\/MYY_JgfT5uo?feature=oembed\" frameborder=\"0\" allow=\"accelerometer; autoplay; encrypted-media; gyroscope; picture-in-picture\" allowfullscreen><\/iframe><br \/>\nAs formas geom\u00e9tricas<br \/>\n<iframe loading=\"lazy\" width=\"640\" height=\"360\" src=\"https:\/\/www.youtube.com\/embed\/0kjyR9Q2rwE?feature=oembed\" frameborder=\"0\" allow=\"accelerometer; autoplay; encrypted-media; gyroscope; picture-in-picture\" allowfullscreen><\/iframe><br \/>\nA m\u00fasica das frutas<br \/>\n<iframe loading=\"lazy\" width=\"640\" height=\"360\" src=\"https:\/\/www.youtube.com\/embed\/x3ZFTkfUWz4?feature=oembed\" frameborder=\"0\" allow=\"accelerometer; autoplay; encrypted-media; gyroscope; picture-in-picture\" allowfullscreen><\/iframe><br \/>\nO som dos animais<br \/>\n<iframe loading=\"lazy\" width=\"640\" height=\"360\" src=\"https:\/\/www.youtube.com\/embed\/videoseries?list=UUtK643oS4BsoYJPoyxFLC_w\" frameborder=\"0\" allow=\"accelerometer; autoplay; encrypted-media; gyroscope; picture-in-picture\" allowfullscreen><\/iframe><br \/>\nAs notas musicais<br \/>\n<iframe loading=\"lazy\" width=\"640\" height=\"360\" src=\"https:\/\/www.youtube.com\/embed\/videoseries?list=UUtK643oS4BsoYJPoyxFLC_w\" frameborder=\"0\" allow=\"accelerometer; autoplay; encrypted-media; gyroscope; picture-in-picture\" allowfullscreen><\/iframe><br \/>\nLe\u00e3ozinho Voador<\/p>\n<p>M\u00fasica das vogais<br \/>\nhttps:\/\/www.youtube.com\/watch?v=HaFZW1yUXeQ<br \/>\nPor favor e obrigado<br \/>\n<iframe loading=\"lazy\" width=\"640\" height=\"360\" src=\"https:\/\/www.youtube.com\/embed\/otsaWkCcpC8?feature=oembed\" frameborder=\"0\" allow=\"accelerometer; autoplay; encrypted-media; gyroscope; picture-in-picture\" allowfullscreen><\/iframe><br \/>\nN\u00fameros de 1 a 10<br \/>\n<iframe loading=\"lazy\" width=\"640\" height=\"360\" src=\"https:\/\/www.youtube.com\/embed\/bl2aoIFTUEA?feature=oembed\" frameborder=\"0\" allow=\"accelerometer; autoplay; encrypted-media; gyroscope; picture-in-picture\" allowfullscreen><\/iframe><br \/>\nDesenho da Monica<\/p>\n<p>https:\/\/www.youtube.com\/watch?v=m6AZnvvULG4<br \/>\n<iframe loading=\"lazy\" width=\"640\" height=\"480\" src=\"https:\/\/www.youtube.com\/embed\/UoAqDWdsgPI?feature=oembed\" frameborder=\"0\" allow=\"accelerometer; autoplay; encrypted-media; gyroscope; picture-in-picture\" allowfullscreen><\/iframe><br \/>\n<iframe loading=\"lazy\" width=\"640\" height=\"480\" src=\"https:\/\/www.youtube.com\/embed\/xkRxnWdkQt8?feature=oembed\" frameborder=\"0\" allow=\"accelerometer; autoplay; encrypted-media; gyroscope; picture-in-picture\" allowfullscreen><\/iframe><br \/>\nhttps:\/\/www.youtube.com\/watch?v=k0KdsCrFzzQ<br \/>\n<iframe loading=\"lazy\" width=\"640\" height=\"480\" src=\"https:\/\/www.youtube.com\/embed\/TwEV8r5h0qA?feature=oembed\" frameborder=\"0\" allow=\"accelerometer; autoplay; encrypted-media; gyroscope; picture-in-picture\" allowfullscreen><\/iframe><br \/>\n<iframe loading=\"lazy\" width=\"640\" height=\"480\" src=\"https:\/\/www.youtube.com\/embed\/xsfVi_0T2ag?feature=oembed\" frameborder=\"0\" allow=\"accelerometer; autoplay; encrypted-media; gyroscope; picture-in-picture\" allowfullscreen><\/iframe><br \/>\n<iframe loading=\"lazy\" width=\"640\" height=\"480\" src=\"https:\/\/www.youtube.com\/embed\/t_ETOJDflR0?feature=oembed\" frameborder=\"0\" allow=\"accelerometer; autoplay; encrypted-media; gyroscope; picture-in-picture\" allowfullscreen><\/iframe><br \/>\nSitio do Pica-pau Amarelo<\/p>\n<p><a href=\"http:\/\/www.youtube.com\/watch?v=Jm3Zno-3e5M\">http:\/\/www.youtube.com\/watch?v=Jm3Zno-3e5M<\/a><br \/>\n<a href=\"http:\/\/www.youtube.com\/watch?v=FG2NiPfFvfA\">http:\/\/www.youtube.com\/watch?v=FG2NiPfFvfA<\/a><br \/>\n<a href=\"http:\/\/www.youtube.com\/watch?v=f6vYQSkyotA\">http:\/\/www.youtube.com\/watch?v=f6vYQSkyotA<\/a><br \/>\n<a href=\"http:\/\/www.youtube.com\/watch?v=AmGZLFltmoM\">http:\/\/www.youtube.com\/watch?v=AmGZLFltmoM<\/a><br \/>\n<a href=\"http:\/\/www.youtube.com\/watch?v=g6NRIH8XCYw\">http:\/\/www.youtube.com\/watch?v=g6NRIH8XCYw<\/a><br \/>\n<a href=\"http:\/\/www.youtube.com\/watch?v=i56G9Ugk1Z8\">http:\/\/www.youtube.com\/watch?v=i56G9Ugk1Z8<\/a><br \/>\n<a href=\"http:\/\/www.youtube.com\/watch?v=qRrkliADXyM\">http:\/\/www.youtube.com\/watch?v=qRrkliADXyM<\/a><br \/>\n<a href=\"http:\/\/www.youtube.com\/watch?v=WPVf1K5pBMY\">http:\/\/www.youtube.com\/watch?v=WPVf1K5pBMY<\/a><br \/>\n<a href=\"http:\/\/www.youtube.com\/watch?v=wOiROXWnm94\">http:\/\/www.youtube.com\/watch?v=wOiROXWnm94<\/a><br \/>\n<a href=\"http:\/\/www.youtube.com\/watch?v=u6Vyn5cRggM\">http:\/\/www.youtube.com\/watch?v=u6Vyn5cRggM<\/a><br \/>\n<a href=\"http:\/\/www.youtube.com\/watch?v=NIVzxNOlAV8&amp;list=RDNIVzxNOlAV8#t=0\">http:\/\/www.youtube.com\/watch?v=NIVzxNOlAV8&amp;list=RDNIVzxNOlAV8#t=0<\/a><br \/>\n<a href=\"http:\/\/www.youtube.com\/watch?v=u6Vyn5cRggM\">http:\/\/www.youtube.com\/watch?v=u6Vyn5cRggM<\/a><br \/>\n<a href=\"http:\/\/www.youtube.com\/watch?v=rp3E4BReHrE\">http:\/\/www.youtube.com\/watch?v=rp3E4BReHrE<\/a><\/p>\n","protected":false},"excerpt":{"rendered":"<p>VIDEOS Gugudada A m\u00fasica dos N\u00fameros As partes do corpo O trem dos animais A m\u00fasica das cores Os cinco patinhos A m\u00fasica do alfabeto A m\u00fasica do alfabeto II Grande e pequeno As formas geom\u00e9tricas A m\u00fasica das frutas &hellip; <a href=\"https:\/\/www.utahportuguesedli.org\/?page_id=175\">Continue reading <span class=\"meta-nav\">&rarr;<\/span><\/a><\/p>\n","protected":false},"author":1,"featured_media":0,"parent":0,"menu_order":0,"comment_status":"closed","ping_status":"closed","template":"onecolumn-page.php","meta":[],"_links":{"self":[{"href":"https:\/\/www.utahportuguesedli.org\/index.php?rest_route=\/wp\/v2\/pages\/175"}],"collection":[{"href":"https:\/\/www.utahportuguesedli.org\/index.php?rest_route=\/wp\/v2\/pages"}],"about":[{"href":"https:\/\/www.utahportuguesedli.org\/index.php?rest_route=\/wp\/v2\/types\/page"}],"author":[{"embeddable":true,"href":"https:\/\/www.utahportuguesedli.org\/index.php?rest_route=\/wp\/v2\/users\/1"}],"replies":[{"embeddable":true,"href":"https:\/\/www.utahportuguesedli.org\/index.php?rest_route=%2Fwp%2Fv2%2Fcomments&post=175"}],"version-history":[{"count":7,"href":"https:\/\/www.utahportuguesedli.org\/index.php?rest_route=\/wp\/v2\/pages\/175\/revisions"}],"predecessor-version":[{"id":182,"href":"https:\/\/www.utahportuguesedli.org\/index.php?rest_route=\/wp\/v2\/pages\/175\/revisions\/182"}],"wp:attachment":[{"href":"https:\/\/www.utahportuguesedli.org\/index.php?rest_route=%2Fwp%2Fv2%2Fmedia&parent=175"}],"curies":[{"name":"wp","href":"https:\/\/api.w.org\/{rel}","templated":true}]}}