{"id":176,"date":"2022-10-14T04:07:52","date_gmt":"2022-10-14T04:07:52","guid":{"rendered":"https:\/\/www.utahportuguesedli.org\/elementary\/?page_id=176"},"modified":"2022-12-16T22:12:57","modified_gmt":"2022-12-16T22:12:57","slug":"3-science","status":"publish","type":"page","link":"https:\/\/www.utahportuguesedli.org\/elementary\/3-science\/","title":{"rendered":"3 &#8211; SCIENCE"},"content":{"rendered":"\n<div class=\"wp-container-4 wp-block-columns\">\n<div class=\"wp-container-1 wp-block-column\">\n<h2 class=\"has-text-align-center\">Standards<\/h2>\n<\/div>\n\n\n\n<div class=\"wp-container-2 wp-block-column\">\n<h2 class=\"has-text-align-center\">SEEd Storylines<\/h2>\n<\/div>\n\n\n\n<div class=\"wp-container-3 wp-block-column\">\n<h2 class=\"has-text-align-center\">Li\u00e7\u00f5es Traduzidas<\/h2>\n<\/div>\n<\/div>\n\n\n\n<div class=\"wp-container-8 wp-block-columns\">\n<div class=\"wp-container-5 wp-block-column\"><div class=\"wp-block-image\">\n<figure class=\"aligncenter size-thumbnail\"><a href=\"https:\/\/schools.utah.gov\/curr\/science\"><img loading=\"lazy\" width=\"150\" height=\"150\" src=\"https:\/\/www.utahportuguesedli.org\/elementary\/wp-content\/uploads\/sites\/4\/2022\/12\/Screen-Shot-2022-12-12-at-11.37.17-AM-150x150.png\" alt=\"\" class=\"wp-image-945\" \/><\/a><\/figure><\/div><\/div>\n\n\n\n<div class=\"wp-container-6 wp-block-column\"><div class=\"wp-block-image\">\n<figure class=\"aligncenter size-medium\"><a href=\"https:\/\/www.seedstorylines.org\/\"><img loading=\"lazy\" width=\"300\" height=\"174\" src=\"https:\/\/www.utahportuguesedli.org\/elementary\/wp-content\/uploads\/sites\/4\/2022\/11\/Screen-Shot-2022-11-16-at-2.26.23-PM-300x174.png\" alt=\"\" class=\"wp-image-620\" srcset=\"https:\/\/www.utahportuguesedli.org\/elementary\/wp-content\/uploads\/sites\/4\/2022\/11\/Screen-Shot-2022-11-16-at-2.26.23-PM-300x174.png 300w, https:\/\/www.utahportuguesedli.org\/elementary\/wp-content\/uploads\/sites\/4\/2022\/11\/Screen-Shot-2022-11-16-at-2.26.23-PM-1024x595.png 1024w, https:\/\/www.utahportuguesedli.org\/elementary\/wp-content\/uploads\/sites\/4\/2022\/11\/Screen-Shot-2022-11-16-at-2.26.23-PM-768x446.png 768w, https:\/\/www.utahportuguesedli.org\/elementary\/wp-content\/uploads\/sites\/4\/2022\/11\/Screen-Shot-2022-11-16-at-2.26.23-PM-1536x893.png 1536w, https:\/\/www.utahportuguesedli.org\/elementary\/wp-content\/uploads\/sites\/4\/2022\/11\/Screen-Shot-2022-11-16-at-2.26.23-PM.png 1824w\" sizes=\"(max-width: 300px) 100vw, 300px\" \/><\/a><\/figure><\/div><\/div>\n\n\n\n<div class=\"wp-container-7 wp-block-column\"><div class=\"wp-block-image\">\n<figure class=\"aligncenter size-thumbnail\"><img loading=\"lazy\" width=\"150\" height=\"150\" src=\"https:\/\/www.utahportuguesedli.org\/elementary\/wp-content\/uploads\/sites\/4\/2022\/11\/Screen-Shot-2022-11-16-at-2.15.35-PM-150x150.png\" alt=\"\" class=\"wp-image-623\" \/><\/figure><\/div><\/div>\n<\/div>\n\n\n\n<div class=\"wp-container-12 wp-block-columns\">\n<div class=\"wp-container-9 wp-block-column\"><\/div>\n\n\n\n<div class=\"wp-container-10 wp-block-column\"><\/div>\n\n\n\n<div class=\"wp-container-11 wp-block-column\">\n<p class=\"has-text-align-center\"><strong>Em cada strand voc\u00ea vai encontrar as li\u00e7\u00f5es em portugu\u00eas clicando na aba &#8220;immersion&#8221;.<\/strong><\/p>\n<\/div>\n<\/div>\n","protected":false},"excerpt":{"rendered":"<p>Standards SEEd Storylines Li\u00e7\u00f5es Traduzidas Em cada strand voc\u00ea vai encontrar as li\u00e7\u00f5es em portugu\u00eas clicando na aba &#8220;immersion&#8221;.<\/p>\n","protected":false},"author":1,"featured_media":0,"parent":0,"menu_order":0,"comment_status":"closed","ping_status":"closed","template":"","meta":[],"_links":{"self":[{"href":"https:\/\/www.utahportuguesedli.org\/elementary\/wp-json\/wp\/v2\/pages\/176"}],"collection":[{"href":"https:\/\/www.utahportuguesedli.org\/elementary\/wp-json\/wp\/v2\/pages"}],"about":[{"href":"https:\/\/www.utahportuguesedli.org\/elementary\/wp-json\/wp\/v2\/types\/page"}],"author":[{"embeddable":true,"href":"https:\/\/www.utahportuguesedli.org\/elementary\/wp-json\/wp\/v2\/users\/1"}],"replies":[{"embeddable":true,"href":"https:\/\/www.utahportuguesedli.org\/elementary\/wp-json\/wp\/v2\/comments?post=176"}],"version-history":[{"count":11,"href":"https:\/\/www.utahportuguesedli.org\/elementary\/wp-json\/wp\/v2\/pages\/176\/revisions"}],"predecessor-version":[{"id":1252,"href":"https:\/\/www.utahportuguesedli.org\/elementary\/wp-json\/wp\/v2\/pages\/176\/revisions\/1252"}],"wp:attachment":[{"href":"https:\/\/www.utahportuguesedli.org\/elementary\/wp-json\/wp\/v2\/media?parent=176"}],"curies":[{"name":"wp","href":"https:\/\/api.w.org\/{rel}","templated":true}]}}